{"id":111,"date":"2021-09-13T16:00:03","date_gmt":"2021-09-13T16:00:03","guid":{"rendered":"http:\/\/saab-zentrum.eu\/?page_id=111"},"modified":"2021-11-23T09:47:57","modified_gmt":"2021-11-23T09:47:57","slug":"impressum","status":"publish","type":"page","link":"https:\/\/skanimport.de\/home\/impressum\/","title":{"rendered":"Impressum"},"content":{"rendered":"\n<h1 class=\"wp-block-heading\">Impressum<\/h1>\n\n\n\n<p>Verantwortlicher Herausgeber:<\/p>\n\n\n\n<p>SKANIMPORT Flenner Autoteile GmbH<\/p>\n\n\n\n<p>M\u00e4rkische Strasse 18<br>42281 Wuppertal<br>Deutschland<\/p>\n\n\n\n<p>Telefon: +49 (0)202 \/ 283 688 0<br>Telefax: +49 (0)202 \/ 283 688 20<br>E-Mail:&nbsp;<a href=\"mailto:info@skanimport.de\">info@skanimport.de<\/a><\/p>\n\n\n\n<p>Gesch\u00e4ftsf\u00fchrer: Julia Hirsch, J\u00f6rn Flenner, Ulrich Flenner <\/p>\n\n\n\n<p>Handelsregister: Amtsgericht Wuppertal, HRB 9345<br>Umsatzsteueridentifikationsnummer: DE 812377211<\/p>\n\n\n\n<p>Verantwortlich gem\u00e4\u00df \u00a710 Absatz 3 MDStV: J\u00f6rn Flenner<\/p>\n\n\n\n<div style=\"height:40px\" aria-hidden=\"true\" class=\"wp-block-spacer\"><\/div>\n\n\n\n<h3 class=\"wp-block-heading\">WICHTIGE HINWEISE<\/h3>\n\n\n\n<p>Trotz sorgf\u00e4ltiger inhaltlicher Kontrolle \u00fcbernimmt Skanimport Flenner Autoteile GmbH keinerlei Haftung f\u00fcr die Inhalte externer Links. Allein die Betreiber der verlinkten Seiten zeichnen sich\u00a0f\u00fcr deren Inhalte verantwortlich (vgl. Urteil vom 12. Mai 1998 &#8211; 312 O 85\/98 \/ &#8222;Haftung f\u00fcr Links&#8220; &#8211; des Landgerichts Hamburg).<br><br>Die auf www.skanimport.de ver\u00f6ffentlichten Texte, Bilder und Grafiken sowie das Layout unterliegen dem Urheberrecht. Eine kommerzielle Nutzung ist nicht erlaubt. Auch das automatische Auslesen von Daten durch Software ist untersagt. Zuwiderhandeln wird juristisch verfolgt.<br><br>Skanimprt Flenner Autoteile GmbH sichert zu, dass unseren Mitarbeitern gegen\u00fcber gemachte Angaben entsprechend den geltenden datenschutzrechtlichen Bestimmungen vertraulich behandelt werden.<br><br>Ferner sind alle auf dieser Website u.U. verwendeten Warenzeichen, Produkt- oder Markennamen sowie Logos und Symbole selbstverst\u00e4ndlich Eigentum der jeweiligen Firmen.<br><br>F\u00fcr Fehler im Text oder falsche Links wird keinerlei Haftung \u00fcbernommen.<\/p>\n","protected":false},"excerpt":{"rendered":"<p>Impressum Verantwortlicher Herausgeber: SKANIMPORT Flenner Autoteile GmbH M\u00e4rkische Strasse 1842281 WuppertalDeutschland Telefon: +49 (0)202 \/ 283 688 0Telefax: +49 (0)202 \/ 283 688 20E-Mail:&nbsp;info@skanimport.de Gesch\u00e4ftsf\u00fchrer: Julia Hirsch, J\u00f6rn Flenner, Ulrich Flenner Handelsregister: Amtsgericht Wuppertal, HRB 9345Umsatzsteueridentifikationsnummer: DE 812377211 Verantwortlich gem\u00e4\u00df \u00a710 Absatz 3 MDStV: J\u00f6rn Flenner WICHTIGE HINWEISE Trotz sorgf\u00e4ltiger inhaltlicher Kontrolle \u00fcbernimmt Skanimport Flenner&nbsp;&hellip;<\/p>\n","protected":false},"author":1,"featured_media":0,"parent":0,"menu_order":0,"comment_status":"closed","ping_status":"closed","template":"","meta":{"footnotes":""},"class_list":["post-111","page","type-page","status-publish","hentry"],"_links":{"self":[{"href":"https:\/\/skanimport.de\/home\/wp-json\/wp\/v2\/pages\/111","targetHints":{"allow":["GET"]}}],"collection":[{"href":"https:\/\/skanimport.de\/home\/wp-json\/wp\/v2\/pages"}],"about":[{"href":"https:\/\/skanimport.de\/home\/wp-json\/wp\/v2\/types\/page"}],"author":[{"embeddable":true,"href":"https:\/\/skanimport.de\/home\/wp-json\/wp\/v2\/users\/1"}],"replies":[{"embeddable":true,"href":"https:\/\/skanimport.de\/home\/wp-json\/wp\/v2\/comments?post=111"}],"version-history":[{"count":10,"href":"https:\/\/skanimport.de\/home\/wp-json\/wp\/v2\/pages\/111\/revisions"}],"predecessor-version":[{"id":440,"href":"https:\/\/skanimport.de\/home\/wp-json\/wp\/v2\/pages\/111\/revisions\/440"}],"wp:attachment":[{"href":"https:\/\/skanimport.de\/home\/wp-json\/wp\/v2\/media?parent=111"}],"curies":[{"name":"wp","href":"https:\/\/api.w.org\/{rel}","templated":true}]}}